t c(b) = 22*a(b) + 5*z(b). What is the remainder when c(1) is divided by 8?
6
Let q = 137 - 25. Suppose -3*o - 37 = -q. Let x(b) = b**3 - 3*b**2 + b - 7. Calculate the remainder when x(5) is divided by o.
23
Suppose 698 - 130 = 4*w. Calculate the remainder when w is divided by 13.
12
Suppose 0 = -o - 3 + 5. Suppose -5 = -o*y + 3*y. Let f = 7 - y. What is the remainder when 46 is divided by f?
10
Suppose 2*d + 10 = -10. Let m = 20 + d. Calculate the remainder when 28 is divided by m.
8
Suppose 2*x - b - 30 - 10 = 0, -5*b = x - 9. Calculate the remainder when x is divided by (-2 + 1)/((-1)/5).
4
Suppose 0 = 2*s - c - 7, -2*c = -3*s - 7*c + 17. Suppose 5*d - s*d - 13 = 0. What is the remainder when (25/4 - -3)*(0 + 4) is divided by d?
11
Let y = -6 + 13. Suppose 5*v - y = 3. What is the remainder when 17 is divided by (v/(-4))/(4/(-72))?
8
Let p(o) = 6*o + 1. Suppose 5*j + 21 = -n, -5*n + j + 7 = -18. Calculate the remainder when p(n) is divided by 14.
11
Suppose 2*h + 5*k - 65 = 0, 5*h - 4*k - 146 = -0*k. Suppose 2*g - 16 = h. Calculate the remainder when 45 is divided by g.
22
What is the remainder when 15 is divided by 3/2*-3*-2?
6
Suppose 2*w - 39 = -w. Let s(r) be the third derivative of 5*r**4/24 - 2*r**2. Calculate the remainder when s(5) is divided by w.
12
Suppose -4*k = -129 - 23. Suppose c - 5*s - 20 = 0, -2*c + 0*s + 22 = -s. What is the remainder when k is divided by c?
8
Let a(j) = -3*j + 8. Let i be a(6). Let h(t) = -t + 3. What is the remainder when h(i) is divided by 5?
3
Let x(w) = -w + 3. Let g be x(-6). Suppose 2*u - 5 = -l, -g = -2*l - 3*u - 0*u. Let p = 44 + -40. What is the remainder when p is divided by l?
1
Calculate the remainder when 1 + 22 + 4/1 is divided by 15.
12
Let x(n) = 9*n**3 - n**2. Let j be x(1). Let z be j/20 - (-53)/5. Let r = z + 3. Calculate the remainder when 40 is divided by r.
12
Let l(m) = -12*m - 6. Let u be l(-4). Suppose -u = -5*q + 2*g, -1 - 61 = -5*q - 3*g. What is the remainder when 19 is divided by q?
9
Let t(y) = y**2 + y - 4. Let q be t(-4). Suppose 4*s - 20 = q*s. Let c(b) = -b**3 - 4*b**2 + 4*b - 2. Calculate the remainder when c(s) is divided by 3.
0
Suppose -7*j = -5*j - 52. Suppose 4*n - 52 = 3*p, -2*n = -6*p + 4*p - j. What is the remainder when 37 is divided by n?
11
Let z be (-584)/(-14) + 10/35. Suppose 2*r - z = 3*g + 8, -2*g = -5*r + 103. What is the remainder when 55 is divided by r?
17
Suppose 0 = -4*i + 9 + 23. What is the remainder when i is divided by 3?
2
Suppose 2*o - 5*o + 42 = 0. Calculate the remainder when 25 is divided by o.
11
Let y(a) = 3*a**2 - a - 2. Suppose -13 = -5*x - 3. Let n be y(x). Suppose 4 = 3*l - n. What is the remainder when 15 is divided by l?
3
Let g(o) = -o**2 - 6*o + 2. Let z be g(-6). Suppose 2*u - 73 = 3*v - 173, 0 = -u - z. Let r(p) = 2*p - 9. Calculate the remainder when v is divided by r(10).
10
Suppose -9 = -3*t, 4*t - 4 = a - 0*a. Suppose 0 = 3*k + a - 59. Calculate the remainder when -1*-2*(-98)/(-4) is divided by k.
15
Let a(o) be the third derivative of o**6/60 - o**5/20 + o**4/24 - o**3/3 - 2*o**2. Let p be a(3). Let q = 49 - p. What is the remainder when 41 is divided by q?
20
Let c(k) = k**2 - k. Let t(y) = -y**2 - 3*y - 4. Let q(d) = -2*c(d) - t(d). Suppose -8*n - 14 = -10*n. Calculate the remainder when n is divided by q(5).
3
Let z = -31 - -51. What is the remainder when 43 is divided by z + 2 + (2 - 1)?
20
Suppose 83 = 3*w - 58. What is the remainder when 140 is divided by w?
46
Suppose -z - 32 = 26. Let u = z - -105. Calculate the remainder when u is divided by 12.
11
Let w(t) = t + 16. Let y be w(-16). Suppose y = 5*q + 25, 5*x = 2*x - 3*q + 60. Calculate the remainder when x is divided by 14.
11
Suppose 5*q - 8*q + 144 = 0. Calculate the remainder when q is divided by 13.
9
Let w(n) = n**3 - 8*n**2 - 8*n - 9. Let p be w(9). Suppose -h + 27 + 0 = p. What is the remainder when h is divided by (-28)/3*21/(-14)?
13
What is the remainder when 33 is divided by (25 - 0)*(-20)/(-100)?
3
Let l = 15 + -1. Suppose -5*g + l + 16 = 0. What is the remainder when g is divided by 3?
0
Suppose -s - 4*j + 204 = 3*s, 0 = 3*s + 5*j - 145. What is the remainder when 214 is divided by s?
49
Suppose 3*r + 29 = 98. What is the remainder when 182 is divided by r?
21
Suppose -4*d + 1 + 3 = -4*a, 1 = d. Suppose -5*x + 2*x + 66 = a. What is the remainder when x is divided by (-4)/10*(-20)/1?
6
Suppose 3*u - 6 = 42. Let k(o) be the first derivative of -15*o**4 + 2*o**3/3 + o**2/2 + 4. What is the remainder when k(-1) is divided by u?
13
Let a = 9 - 4. Let s(c) = c**3 - 6*c**2 - 3*c - 15. Calculate the remainder when s(7) is divided by a.
3
Calculate the remainder when 5*(0 + 78/15) is divided by 15.
11
Let a(n) = 2*n - 4. Let s be a(4). Let c = 9 + s. What is the remainder when 37 is divided by c/1*(-2)/(-2)?
11
Let y(r) be the third derivative of -19*r**4/24 - r**3/6 + r**2. Let z be -5*1 + (-7)/(-7) + 3. What is the remainder when y(z) is divided by 7?
4
Suppose 3*y + d = 8*y - 404, 2*y - 3*d - 159 = 0. Calculate the remainder when y is divided by 14.
11
Suppose 3*i - 5*o = -146, 40 - 15 = -5*o. Let r = -34 - i. Calculate the remainder when r is divided by 6.
5
Suppose 0 = 2*k + 2*d - 3*d - 7, -1 = d. Suppose 4*w - 4*y = -13 + 57, -37 = -2*w - k*y. Calculate the remainder when 40 is divided by w.
12
Suppose -9 + 3 = -p. Let q = 65 + -31. Suppose -q = -3*j + j. Calculate the remainder when j is divided by p.
5
What is the remainder when 33 is divided by 6 + -4 - (1 - 8)?
6
Let r(q) = q**3 - 3*q**2 + 3*q + 2. Let s be 18/(-3)*3/(-6). Calculate the remainder when ((-40)/(-2) - -1) + 0 is divided by r(s).
10
Let d(h) = 2*h**3 + h**2. What is the remainder when 15 is divided by d(1)?
0
Suppose 2*k - 6 = -0. Suppose k*n - 15 = -2*n. What is the remainder when 9 is divided by n?
0
Suppose -4*y + 10 = -2*y, 4*i - y = -25. Let v(n) = n + 11. What is the remainder when 17 is divided by v(i)?
5
Let q be 2 + 5/((-15)/(-126)). Let o = 5 + -2. Suppose -o*r + q = 5. What is the remainder when 37 is divided by r?
11
Suppose -44 = -3*q + 4*s, 35 = 2*q - 0*q + 3*s. What is the remainder when 62 is divided by q?
14
Suppose 3*u - 2*u - 10 = 4*y, 5*u + y = 50. Suppose 5 = 11*c - u*c. What is the remainder when 16 is divided by c?
1
Suppose 6*a - 5*s - 520 = a, 3*s - 6 = 0. Suppose 0 = 4*d - 46 - a. Calculate the remainder when d is divided by 10.
8
Calculate the remainder when 11 is divided by (-20)/30*18/(-4).
2
Suppose -q + 2 = -2*p, -3*p = 2*q - q + 8. Suppose -2*b + 43 = -51. What is the remainder when b is divided by (-31)/q - (-1)/2?
15
Let f(c) = c + 3. Let k be f(-3). Suppose 2*o + 11 = -k*o - 3*p, 4*o + 2 = -2*p. What is the remainder when 37 is divided by (-74)/(-6) - o/(-3)?
11
What is the remainder when 192 is divided by (-7 - -7) + 2*14?
24
Let x = -3 - -2. Suppose 0*q = -2*q + 16. Let r = q + x. Calculate the remainder when 19 is divided by r.
5
Let i(s) = s**2 - s + 8. Let n = 6 - 0. Calculate the remainder when i(n) is divided by 13.
12
Let s(j) be the second derivative of 1/6*j**3 - j**2 + 0 + 1/12*j**4 - 2*j. Calculate the remainder when s(-3) is divided by 3.
1
Let f = 40 + -72. Let x = f + 53. Calculate the remainder when x is divided by 6.
3
Let k = -388 - -396. What is the remainder when k is divided by 26/6 + (-1)/3?
0
Let j(k) = 2*k**2 - 18*k + 3. Calculate the remainder when j(14) is divided by 36.
35
Suppose 0*u = 2*u - a - 39, -2*u = -3*a - 41. Let q(h) = 5*h. Suppose 2*m = -m + j + 10, -5*j = m + 18. Calculate the remainder when u is divided by q(m).
9
Suppose 17*u - 20*u + 60 = 0. Calculate the remainder when 59 is divided by u.
19
Let m = 28 + 21. Let p = 32 - 15. What is the remainder when m is divided by p?
15
Let g = -120 + 80. Suppose 95 = 5*t - 0*z + 3*z, 0 = 3*t - 5*z - 57. Calculate the remainder when t is divided by ((-1)/(-2))/((-2)/g).
9
Let b = 15 + 0. Suppose 0 = -2*s - 21 + 77. What is the remainder when s is divided by b?
13
Let s(g) = 17*g**2 + 1. Let j be s(-1). Suppose 0 = i - 4*n + 3 - 9, -3*i + 3*n = -j. Calculate the remainder when i is divided by 4.
2
Suppose 3*y - 63 = 3*x - 0*x, x = -4*y + 59. Suppose 3*s - 14 = y. Calculate the remainder when s is divided by 6.
4
Let a = -24 - -43. Let o(g) = 11*g**2 + g - 1. Let x be o(